{"id":3,"date":"2024-12-20T15:33:35","date_gmt":"2024-12-20T15:33:35","guid":{"rendered":"https:\/\/lacasadilupetto.it\/?page_id=3"},"modified":"2025-01-14T13:59:10","modified_gmt":"2025-01-14T13:59:10","slug":"privacy-policy","status":"publish","type":"page","link":"https:\/\/lacasadilupetto.it\/index.php\/privacy-policy\/","title":{"rendered":"Privacy Policy"},"content":{"rendered":"\t\t<div data-elementor-type=\"wp-page\" data-elementor-id=\"3\" class=\"elementor elementor-3\" data-elementor-post-type=\"page\">\n\t\t\t\t\t\t<section class=\"elementor-section elementor-top-section elementor-element elementor-element-089279e elementor-section-boxed elementor-section-height-default elementor-section-height-default\" data-id=\"089279e\" data-element_type=\"section\" data-e-type=\"section\">\n\t\t\t\t\t\t<div class=\"elementor-container elementor-column-gap-default\">\n\t\t\t\t\t<div class=\"elementor-column elementor-col-100 elementor-top-column elementor-element elementor-element-21abc9f\" data-id=\"21abc9f\" data-element_type=\"column\" data-e-type=\"column\">\n\t\t\t<div class=\"elementor-widget-wrap elementor-element-populated\">\n\t\t\t\t\t\t<div class=\"elementor-element elementor-element-9e7e8d1 elementor-widget elementor-widget-heading\" data-id=\"9e7e8d1\" data-element_type=\"widget\" data-e-type=\"widget\" data-widget_type=\"heading.default\">\n\t\t\t\t<div class=\"elementor-widget-container\">\n\t\t\t\t\t<h2 class=\"elementor-heading-title elementor-size-default\">PRIVACY POLICY &amp; COOKIE <\/h2>\t\t\t\t<\/div>\n\t\t\t\t<\/div>\n\t\t\t\t<div class=\"elementor-element elementor-element-06b9f33 elementor-widget elementor-widget-text-editor\" data-id=\"06b9f33\" data-element_type=\"widget\" data-e-type=\"widget\" data-widget_type=\"text-editor.default\">\n\t\t\t\t<div class=\"elementor-widget-container\">\n\t\t\t\t\t\t\t\t\t<div class=\"elementor-element elementor-element-dbbd73a elementor-widget elementor-widget-text-editor\" data-id=\"dbbd73a\" data-element_type=\"widget\" data-widget_type=\"text-editor.default\">\n<div class=\"elementor-widget-container\">\n<p>Gentile Utente,<\/p>\n<p>La tua privacy \u00e8 molto importante per <b>LA CASA DI LUPETTO <\/b>(ti garantiamo che il trattamento dei dati personali consultando il sito&nbsp;<strong>www.lacasadilupetto.it<\/strong>; corrispondente alla pagina iniziale del sito di www.lacasadilupetto.it, (di seguito anche solo il \u2018Sito\u2019) si svolge nel rispetto dei tuoi diritti, con particolare riferimento alla riservatezza, alla tutela dell\u2019identit\u00e0 personale e al diritto alla protezione dei dati personali.<\/p>\n<p>A tal proposito ti forniamo questa&nbsp;<em><strong>Privacy Policy<\/strong><\/em>&nbsp;in cui troverai indicazioni sulle modalit\u00e0 di gestione del Sito in riferimento al trattamento dei dati personali degli Utenti che lo consultano. Si tratta di un\u2019informativa che \u00e8 resa anche ai sensi dell\u2019art.13 del D.Lgs. n. 196\/2003 \u2013 \u2018Codice in materia di protezione dei dati personali\u2019 e ai sensi e per gi effetti di quanto previsto dal Provvedimento del Garante della Privacy del 8.05.2014 \u2018Individuazione delle modalit\u00e0 semplificate per l\u2019informativa e l\u2019acquisizione del consenso per l\u2019uso dei cookie\u2019.<\/p>\n<p>L\u2019informativa che segue \u00e8 resa per il solo Sito di www.lacasadilupetto.it, e non anche per altri siti web eventualmente consultati dall\u2019Utente tramite link.<\/p>\n<p>L\u2019informativa si ispira anche alla Raccomandazione n. 2\/2001 che le autorit\u00e0 europee per la protezione dei dati personali, riunite nel Gruppo istituito dall\u2019art. 29 della direttiva n. 95\/46\/CE, hanno adottato il 17 maggio 2001 per individuare alcuni requisiti minimi per la raccolta di dati personali on-line, e, in particolare, le modalit\u00e0, i tempi e la natura delle informazioni che i titolari del trattamento devono fornire agli Utenti quando questi si collegano a pagine web, indipendentemente dagli scopi del collegamento.<\/p>\n<p><span class=\"ui-provider ee bsi bsj bsk bsl bsm bsn bso bsp bsq bsr bss bst bsu bsv bsw bsx bsy bsz bta btb btc btd bte btf btg bth bti btj btk btl btm btn bto btp\" dir=\"ltr\">La presente informativa ha valore anche ai fini dell\u2019art. 13 del&nbsp;<strong>D.lgs. n. 196\/2003<\/strong>, Codice in materia di protezione dei dati personali, e ai fini dell\u2019art. 13 del&nbsp;<strong>Regolamento UE n. 2016\/679<\/strong>, relativo alla protezione delle persone fisiche con riguardo al trattamento dei dati personali nonch\u00e9 alla libera circolazione di tali dati, per i soggetti che interagiscono con La Casa Di Lupetto ed \u00e8 raggiungibile all\u2019indirizzo corrispondente alla pagina iniziale: <strong>www.lacasadilupetto.it<\/strong><\/span><\/p>\n<p><strong>Titolare del trattamento<\/strong><br>Titolare del trattamento dei dati \u00e8 <b>La Casa Di Lupetto<\/b>&nbsp;con sede in<strong> Piazza Giovanni XXIII&#8217;, 5, 12010 Entracque CN&nbsp;<\/strong><\/p>\n<p>Il responsabile del trattamento, ai sensi dell\u2019art. 29 del Codice in materia di protezione dei dati personali, \u00e8 Stellavatecascio Marco domiciliato per la carica presso la sede della societ\u00e0 all\u2019indirizzo sopra indicato. Il titolare del trattamento dei dati \u00e8 responsabile per questa privacy policy.<\/p>\n<p><strong>Luogo di trattamento dei dati<\/strong><br>I trattamenti connessi ai servizi Web di questo Sito hanno luogo presso la predetta sede di Piazza Giovanni XXIII&#8217;, 5, 12010 Entracque CN<strong>&nbsp;<\/strong>e sono curati solo da personale tecnico incaricato del trattamento, oppure da eventuali incaricati di occasionali operazioni di manutenzione. Nessun dato derivante dal servizio web viene comunicato o diffuso.<\/p>\n<p><strong>Finalit\u00e0 del trattamento dei dati<\/strong><br>I dati personali forniti dagli Utenti che inoltrano richieste di informazioni o di invio di materiale informativo (quali moduli di contatto, richieste di preventivi, iscrizioni a newsletter, ecc) sono utilizzati al solo fine di eseguire il servizio o la prestazione richiesta.<br>Nessun dato derivante dal servizio web viene comunicato o diffuso.<\/p>\n<p><strong>Tipi di dati trattati<\/strong><\/p>\n<p><strong>Dati di navigazione<\/strong><br>I sistemi informatici e le procedure software preposte al funzionamento del Sito acquisiscono, nel corso del loro normale esercizio, alcuni dati personali la cui trasmissione \u00e8 implicita nell\u2019uso dei protocolli di comunicazione di Internet.<br>Si tratta di informazioni che non sono raccolte per essere associate a interessati identificati, ma che per loro stessa natura potrebbero, attraverso elaborazioni ed associazioni con dati detenuti da terzi, permettere di identificare gli Utenti.<br>In questa categoria di dati rientrano gli indirizzi IP o i nomi a dominio dei computer utilizzati dagli Utenti che si connettono al Sito, gli indirizzi in notazione URI (Uniform Resource Identifier) delle risorse richieste, l\u2019orario della richiesta, il metodo utilizzato nel sottoporre la richiesta al server, la dimensione del file ottenuto in risposta, il codice numerico indicante lo stato della risposta data dal server (buon fine, errore, ecc.) ed altri parametri relativi al sistema operativo e all\u2019ambiente informatico dell\u2019Utente.<br>Questi dati vengono utilizzati al solo fine di ricavare informazioni statistiche anonime sull\u2019uso del Sito e per controllarne il corretto funzionamento e vengono cancellati immediatamente dopo l\u2019elaborazione. I dati potrebbero essere utilizzati per l\u2019accertamento di responsabilit\u00e0 in caso di ipotetici reati informatici ai danni del Sito solo su richiesta degli organi di vigilanza preposti.<\/p>\n<p><strong>Dati forniti volontariamente dall\u2019Utente<\/strong><br>L\u2019invio facoltativo, esplicito e volontario di posta elettronica agli indirizzi indicati su questo Sito comporta la successiva acquisizione dell\u2019indirizzo del mittente, necessario per rispondere alle richieste, nonch\u00e9 degli eventuali altri dati personali inseriti nella missiva.<\/p>\n<p><strong>Facoltativit\u00e0 del Conferimento dei dati personali<\/strong><br>Salvo quanto specificato per i dati di navigazione, l\u2019Utente \u00e8 libero di fornire i dati personali riportati nei moduli di richiesta ovvero inviando richiesta di informazioni al Sito tramite posta elettronica.<br>Il loro mancato conferimento pu\u00f2 comportare l\u2019impossibilit\u00e0 di ottenere quanto richiesto.<\/p>\n<p><strong>Modalit\u00e0 del trattamento<\/strong><br>I dati personali sono trattati con strumenti automatizzati per il tempo strettamente necessario a conseguire gli scopi per cui sono stati raccolti. Specifiche misure di sicurezza sono osservate per prevenire la perdita dei dati, usi illeciti o non corretti ed accessi non autorizzati.<\/p>\n<p><strong>Diritti degli interessati<\/strong><br>I soggetti cui si riferiscono i dati personali hanno il diritto in qualunque momento di ottenere la conferma dell\u2019esistenza o meno dei medesimi dati e di conoscerne il contenuto e l\u2019origine, verificarne l\u2019esattezza o chiederne l\u2019integrazione o l\u2019aggiornamento, oppure la rettifica (articolo 7 del Codice in materia di protezione dei dati personali).<br>Ai sensi del medesimo articolo si ha il diritto di chiedere la cancellazione, la trasformazione in forma anonima o il blocco dei dati trattati in violazione di legge, nonch\u00e9 di opporsi in ogni caso, per motivi legittimi, al loro trattamento.<br>Le comunicazioni andranno inviate al Titolare del Trattamento, tramite e-mail all\u2019indirizzo mail entracque@lacasadilupetto.it.<\/p>\n<p><strong>Parte riservata per i minorenni<\/strong><br>Nessuna persona di et\u00e0 inferiore ai 18 anni, senza previo consenso dei genitori o di chi ne fa le veci, potr\u00e0 inviare informazioni al Sito, ne tantomeno potr\u00e0 fare acquisti o perfezionare atti legali presso questo Sito senza il suddetto consenso, a meno che ci\u00f2 non sia consentito dalle norme in vigore.<\/p>\n<p><strong>Modifiche all\u2019informativa<\/strong><br>La Casa di Lupetto potr\u00e0 apportare modifiche all\u2019informativa al fine di recepire cambiamenti della normativa nazionale e\/o comunitaria o per adeguarsi ad intervenute innovazioni tecnologiche. Eventuali modifiche saranno riportate su questa pagina web resa costantemente consultabile mediante il collegamento ipertestuale situato nella home page del Sito. Vi preghiamo di prendere visione della seguente Privacy Policy e di controllarla periodicamente con attenzione al fine di verificare eventuali aggiornamenti o revisioni che si dovessero rendere necessari.<\/p>\n<\/div>\n<\/div>\n<div class=\"elementor-element elementor-element-1204a9d elementor-widget elementor-widget-spacer\" data-id=\"1204a9d\" data-element_type=\"widget\" data-widget_type=\"spacer.default\">\n<div class=\"elementor-widget-container\">\n<div class=\"elementor-spacer\">&nbsp;<\/div>\n<\/div>\n<\/div>\t\t\t\t\t\t\t\t<\/div>\n\t\t\t\t<\/div>\n\t\t\t\t\t<\/div>\n\t\t<\/div>\n\t\t\t\t\t<\/div>\n\t\t<\/section>\n\t\t\t\t<\/div>\n\t\t","protected":false},"excerpt":{"rendered":"<p>PRIVACY POLICY &amp; COOKIE Gentile Utente, La tua privacy \u00e8 molto importante per LA CASA DI LUPETTO (ti garantiamo che il trattamento dei dati personali consultando il sito&nbsp;www.lacasadilupetto.it; corrispondente alla pagina iniziale del sito di www.lacasadilupetto.it, (di seguito anche solo il \u2018Sito\u2019) si svolge nel rispetto dei tuoi diritti, con particolare riferimento alla riservatezza, alla &#8230; <a title=\"Privacy Policy\" class=\"read-more\" href=\"https:\/\/lacasadilupetto.it\/index.php\/privacy-policy\/\" aria-label=\"Read more about Privacy Policy\">Read more<\/a><\/p>\n","protected":false},"author":1,"featured_media":0,"parent":0,"menu_order":0,"comment_status":"closed","ping_status":"closed","template":"elementor_header_footer","meta":{"_monsterinsights_skip_tracking":false,"_monsterinsights_sitenote_active":false,"_monsterinsights_sitenote_note":"","_monsterinsights_sitenote_category":0,"footnotes":""},"class_list":["post-3","page","type-page","status-publish"],"_links":{"self":[{"href":"https:\/\/lacasadilupetto.it\/index.php\/wp-json\/wp\/v2\/pages\/3","targetHints":{"allow":["GET"]}}],"collection":[{"href":"https:\/\/lacasadilupetto.it\/index.php\/wp-json\/wp\/v2\/pages"}],"about":[{"href":"https:\/\/lacasadilupetto.it\/index.php\/wp-json\/wp\/v2\/types\/page"}],"author":[{"embeddable":true,"href":"https:\/\/lacasadilupetto.it\/index.php\/wp-json\/wp\/v2\/users\/1"}],"replies":[{"embeddable":true,"href":"https:\/\/lacasadilupetto.it\/index.php\/wp-json\/wp\/v2\/comments?post=3"}],"version-history":[{"count":6,"href":"https:\/\/lacasadilupetto.it\/index.php\/wp-json\/wp\/v2\/pages\/3\/revisions"}],"predecessor-version":[{"id":465,"href":"https:\/\/lacasadilupetto.it\/index.php\/wp-json\/wp\/v2\/pages\/3\/revisions\/465"}],"wp:attachment":[{"href":"https:\/\/lacasadilupetto.it\/index.php\/wp-json\/wp\/v2\/media?parent=3"}],"curies":[{"name":"wp","href":"https:\/\/api.w.org\/{rel}","templated":true}]}}